 prime factors of a?
3
Let c be 334/6 + (-2)/3. Suppose 0 = 3*h + 5*n - c, -h + 22 = h - 4*n. What are the prime factors of h?
3, 5
Let s(q) = q**2 - 4*q - 1. Suppose -5 = 2*k - 1, z - 4*k - 11 = 0. Let i be s(z). Let f = 4 - i. What are the prime factors of f?
2
Suppose -5*k - 5*a = -2*k - 19, 2*k = a + 4. List the prime factors of (-15 + k - -2)/(-2).
5
Let x be 23/7 - 10/35. Suppose -x*b + 27 = -0*b. List the prime factors of b.
3
Suppose 186 = 4*v + 6. List the prime factors of v.
3, 5
Let z(q) be the second derivative of -q**3/6 + 3*q**2/2 + 4*q. What are the prime factors of z(-5)?
2
Let x(f) = f**3 - 10*f**2 + f - 3. Let b be x(10). Suppose -2*d + b*d = 35. List the prime factors of d.
7
Suppose -23*q = -27*q + 208. What are the prime factors of q?
2, 13
Let r = 404 - 179. What are the prime factors of r?
3, 5
Suppose 3*a + 28 + 15 = b, -a = -2*b + 16. Let l = a + 33. List the prime factors of l.
19
Suppose 0 = -2*m - 2*m + 128. Let o = m + -20. What are the prime factors of o?
2, 3
Suppose 32 - 12 = 5*u. Suppose 4*q - 12 = -u*j, -1 = j - 3*q - 4. Suppose -j*p + 93 = 5*i, 2 + 1 = 3*p. What are the prime factors of i?
2, 3
Let j be 1/(-5) - 2/(-10). Suppose -g = -0*g - 21. Suppose j = 5*h - h + f - g, -5*h + 18 = 4*f. What are the prime factors of h?
2, 3
Suppose -i = 4*i. Let b be 45*(8/10)/2. Suppose i*c + 5*c = a + b, -10 = -c - 3*a. What are the prime factors of c?
2
Suppose -3*z - 12 = 0, -2*z + 3*z - 266 = -2*d. List the prime factors of d.
3, 5
Let c(y) be the second derivative of -y**4/12 - y**3 - y**2 - 3*y. Let b be c(-5). List the prime factors of 9/1 + -1 + b.
11
Let o(g) = -2*g + 5. Let f be o(-6). Let d = -19 - -8. Let j = d + f. What are the prime factors of j?
2, 3
Let l(p) = -p**2 + 6*p - 7. Let a be l(6). Let n = a - -11. List the prime factors of n.
2
Suppose -4*p = -0*p + 8. Let r(v) = -2*v**3 - 3*v**2 - 2*v - 1. What are the prime factors of r(p)?
7
Let i(z) = z + 1. Suppose 5*a = -5*j + a - 15, -4*a = -3*j + 23. Let f be i(j). Suppose f*u - 3 = 7. List the prime factors of u.
5
Suppose 6*n + 4 = 8*n. Let y(a) = 11*a - 2. List the prime factors of y(n).
2, 5
Suppose 2*k - 5*k + x = -3, 9 = -3*x. Let l = 25 + k. What are the prime factors of l?
5
Let m(r) = -3*r + 8. Let o be m(-14). Let u = o + 3. What are the prime factors of u?
53
List the prime factors of 15 - -26 - (1 + -3).
43
Let i(g) = 11*g**2 + g - 4. List the prime factors of i(-2).
2, 19
Let a be (-52)/8 + (-2)/4. Let x(k) = -k**3 - 8*k**2 - 7*k. Let c be x(a). Suppose c = -l + 1 + 2. What are the prime factors of l?
3
Let x(u) = u**2 + u + 4. Let o = 11 + -5. Let h be o*(-3)/12*-2. What are the prime factors of x(h)?
2
Suppose -5*d + 38 = 2*y + y, -4 = -4*y + 5*d. What are the prime factors of (y/(-4))/(1/(-38))?
3, 19
Let z(v) = 11*v + 4. Let w(r) = 12*r + 3. Let h(x) = 5*w(x) - 6*z(x). What are the prime factors of h(-6)?
3
Suppose -7*q - 19 = -54. Suppose 0 = q*o - 50 - 105. List the prime factors of o.
31
Suppose 2*r + 10 + 2 = 0. List the prime factors of -3*r/(-9)*-7.
2, 7
Let g(d) = -d**3 + 7*d**2 + 7*d + 10. Let r be g(8). Let b(m) = -3*m**2 + m**3 - m - 3*m**2 + 2*m**r - 2*m. List the prime factors of b(5).
2, 5
Let q(r) = -6*r**3 - 1. Let c(h) = -h + 1. Let s be c(2). Let f be q(s). Suppose -2*o + 5*o + l = 28, l = -f*o + 50. What are the prime factors of o?
11
Let d = -34 - -72. List the prime factors of d.
2, 19
Let x be (4 - (0 - -1)) + 3. Suppose -g + n = -n - 6, 0 = -4*g - n + x. Suppose -4*r = -5*b - 47, -r = 4*b - 2*b - g. List the prime factors of r.
2
What are the prime factors of (-6)/(-9) - 332/(-6)?
2, 7
Let i(p) = -p + 2*p + 7*p**3 - 1 + 2*p**3. Suppose 2*r = 5 - 3. List the prime factors of i(r).
3
Suppose -35 = 5*p - 4*j, -6*p - j - 10 = -p. Let b be (-2)/(-2*(-1)/(-33)). List the prime factors of (0 - 1)/(p/b).
11
Let n(p) = -3 + 6*p**2 - p**2 + p**3 + 2*p + p**2 - 4*p. Suppose 2*i + 19 - 7 = 0. What are the prime factors of n(i)?
3
Let c = -57 + 136. List the prime factors of c.
79
List the prime factors of 12/(-18)*(-564)/8.
47
List the prime factors of (-2)/((-30)/2139) + 8/20.
11, 13
Suppose 2*h = -h - l + 36, 3*l - 42 = -3*h. What are the prime factors of h?
11
Let k(s) be the second derivative of 3*s**3/2 - 3*s**2/2 - s. Suppose 2*o = -o - 2*p - 4, p = -o - 3. What are the prime factors of k(o)?
3, 5
Suppose -3*a + 5 = -1. Suppose -5*j + a*s = -134, 6*j - 3*s = 5*j + 19. Suppose -3*i - 5*k = -j, -2 = -3*k - 5. List the prime factors of i.
11
Let x = 11 - 9. Suppose -2*n + n - 7 = -x*k, -5*n - 5*k = -40. List the prime factors of n.
3
Let b(l) = 5*l**2 + 1. Let w be b(2). Suppose 0 = 5*v + w + 9. Let f = v + 17. List the prime factors of f.
11
What are the prime factors of 11 + 136 - 0/(-1)?
3, 7
Let x = 104 + -48. Suppose 2*z - 5*d = x, -d + 6*d + 132 = 4*z. What are the prime factors of z?
2, 19
Suppose -4*v + 2 = -2*g, 2*g - 3*v + 3 = -0. Let s = g - -3. Suppose -5*a + 4*t + t + 20 = s, a + 5 = 4*t. List the prime factors of a.
7
Suppose -g - m + 106 = 0, 0 = g - 4*m + m - 126. List the prime factors of ((-20)/12 - -2)*g.
37
Let s(r) = -r**2 - 3*r**2 + r + r - 5 - r**3 + r**2. List the prime factors of s(-4).
3
Let i = 68 - 54. What are the prime factors of i?
2, 7
Let g(z) = z - 1. Let a be g(7). Let l = -1 + a. Suppose -4*q + 21 = j, -4*j + 5*j + l*q = 25. List the prime factors of j.
5
Suppose -3*w - 3*w = 0. Suppose 4*b = -w*b + 60. List the prime factors of b.
3, 5
Suppose -j = -0*j + 3*q + 4, -2*j + 4*q = -22. Suppose 0 = 2*a - 51 - 29. Suppose 2*p = -j*o + 27, 3*p + a = -0*o + 4*o. List the prime factors of o.
7
Suppose -3*o + 5*m = 2*o - 40, -4*o + m + 26 = 0. What are the prime factors of o?
2, 3
Suppose -3*y = -3 - 6. Suppose 5*q = -5*v + 45, -2*q - y*v = -7*v - 30. What are the prime factors of q?
11
Suppose 0 = p - 1 - 3. List the prime factors of p.
2
Let b(i) = 4 - 5*i - 6*i**2 + 0 + 0 - i**3. Let t be b(-5). What are the prime factors of ((-18)/t)/(9/(-24))?
2, 3
Let n(s) = 54*s**2 - s + 1. Let w be n(1). Let k = -27 + w. Suppose z = -4*z - 4*t + 72, -2*z - t + k = 0. List the prime factors of z.
2, 3
Let v = 1 + 36. What are the prime factors of v?
37
Let z(y) = 2*y**3 - y**2 - 2*y - 1. List the prime factors of z(2).
7
Let c(v) = -v + 7. Let m be c(6). Let i = m + 0. Suppose f = i, 3*f = -3*g + f + 35. List the prime factors of g.
11
Let z = -222 - -435. What are the prime factors of z?
3, 71
Let b(n) = -3*n + 7. Let r be b(6). Let d = -23 - r. Let s = d - -21. List the prime factors of s.
3
Let h(d) be the first derivative of -5*d**2/2 - 7*d + 4. List the prime factors of h(-5).
2, 3
Suppose -4 = -2*n - 0. Let t = 1 + n. Suppose -46 = -t*z + 2. What are the prime factors of z?
2
Let s(a) = 3*a**2 - 7*a + 15. What are the prime factors of s(6)?
3
Let q(m) = -m + 5. Let j be q(0). Suppose -3*b + 38 = -j*k, -4*b - 5*k + 41 = -2*k. List the prime factors of b.
11
Let m be (8 - 5)*(0 - 1). Let p = -1 - m. List the prime factors of p.
2
Suppose -2 = -5*l + 2*p - 0, -3*l + 3*p + 3 = 0. Let h = l - 0. Suppose y = -h*y + 12. List the prime factors of y.
2, 3
Let b(h) = -h**2 + 7*h + 1. Suppose 2*s - 5 = s. List the prime factors of b(s).
11
Let c = 445 - 300. What are the prime factors of c?
5, 29
Let q(m) = -28*m - 31. What are the prime factors of q(-6)?
137
Let s = 239 + -47. List the prime factors of s.
2, 3
Suppose 2*x + 4 = -4. Let q = x - -2. List the prime factors of ((-18)/10)/(q/10).
3
Let j = 14 + -3. Let k = 16 + j. What are the prime factors of k?
3
Suppose -5*f = -4*f - 6. What are the prime factors of (-4)/7*(-21)/f?
2
Suppose 2*t = 4*b + 8, 3*t + 2*t = -b - 2. List the prime factors of b/2 + 2 + 26.
3
Let l = 283 - -58. List the prime factors of l.
11, 31
Suppose 3*w - 47 = -b, 2*w + 2 = -0*w. Suppose 14 - b = -4*p. List the prime factors of p.
3
Let l = 1 - -18. Suppose -5*i + 45 = 5*y, -6*i = 3*y - i - l. List the prime factors of y.
13
Let h(k) = -k**2 - k + 2. Suppose -4*p - 5 + 2 = -5*x, 0 = -5*x - 5*p + 30. Let y be h(x). Let t(o) = -o - 5. List the prime factors of t(y).
5
Suppose -2*k + 35 = m + 14, -87 = -4*m - 5*k. List the prime factors of m.
23
Let r = 133 - 121. What are the prime factors of r?
2, 3
Let p(o) = o**2 + 5*o. Let v be p(-6). Suppose 6 + v = 4*b. What are the prime fac